at is 9c - -2166?
2235
In base 16, what is 1383f + -31?
1380e
In base 11, what is 648 + 2685?
3222
In base 9, what is -1 + -462084?
-462085
In base 11, what is -4 + 8044?
8040
In base 13, what is -816b + 11?
-815a
In base 2, what is -10001100101 - 110000?
-10010010101
In base 13, what is -8a + -52?
-10c
In base 7, what is 121663 + -3?
121660
In base 11, what is 6a - -136?
1a5
In base 13, what is 14 - 27245?
-27231
In base 16, what is -d - -8c0b?
8bfe
In base 13, what is 1ab + 70?
24b
In base 8, what is -11474 + 6?
-11466
In base 9, what is 183 - 452?
-258
In base 15, what is 3 - -30db?
30de
In base 7, what is 10 - -151303?
151313
In base 14, what is bd + 4220?
42dd
In base 12, what is 30b77 + 5?
30b80
In base 13, what is 32 - 2?
30
In base 5, what is 3 + -4321101?
-4321043
In base 13, what is -c + -2b7cc?
-2b80b
In base 6, what is -12 + 55545?
55533
In base 15, what is -23da1 - -5?
-23d9b
In base 16, what is 3 + -5a2?
-59f
In base 12, what is -134a6 - a?
-134b4
In base 5, what is -121014 - -10?
-121004
In base 15, what is -5 + -2423?
-2428
In base 15, what is 1 - 3c67?
-3c66
In base 10, what is -34 - 20?
-54
In base 12, what is -3a - -21a?
1a0
In base 14, what is -155 + 18?
-13b
In base 14, what is 79 + -b?
6c
In base 9, what is 13720 + 5?
13725
In base 15, what is 3ca2 - -2e?
3cd1
In base 16, what is 35 + -3701?
-36cc
In base 4, what is 11 + -2310311?
-2310300
In base 7, what is 54 + 12245?
12332
In base 15, what is -114 + 489?
375
In base 9, what is 36778 + -1?
36777
In base 11, what is -1991 + -101?
-1a92
In base 4, what is -1101 - -323?
-112
In base 7, what is 1010206 - 5?
1010201
In base 12, what is b4 - -53?
147
In base 12, what is 12610 - 2?
1260a
In base 15, what is 25 + 2b?
51
In base 16, what is 33 - 72b?
-6f8
In base 6, what is -31231 + -125?
-31400
In base 11, what is 30 - 524?
-4a4
In base 5, what is 2120113 - 10?
2120103
In base 5, what is -101244422 - 0?
-101244422
In base 8, what is 1451 + 21?
1472
In base 10, what is 1 + 4694?
4695
In base 2, what is 10100111010110010101 - 100?
10100111010110010001
In base 8, what is 3630 - -13?
3643
In base 14, what is -14 + -65?
-79
In base 11, what is -8 + 13630?
13623
In base 14, what is -1 - 74ad?
-74b0
In base 12, what is -4b7 + 7?
-4b0
In base 11, what is a6a07 + 4?
a6a10
In base 8, what is -6 - -30?
22
In base 10, what is -12747 + -417?
-13164
In base 16, what is 9265 - -5?
926a
In base 3, what is -2 + -2020000?
-2020002
In base 11, what is 6 + -26499?
-26493
In base 5, what is -11032222 - -4?
-11032213
In base 3, what is 21002 - -111?
21120
In base 11, what is 4023 - -2?
4025
In base 7, what is 1 - -631420?
631421
In base 14, what is 245 - -71?
2b6
In base 3, what is 10200212110012 - 0?
10200212110012
In base 2, what is -10000100101001011000000 - -11?
-10000100101001010111101
In base 6, what is -2 - -24053?
24051
In base 10, what is 137834 + -5?
137829
In base 11, what is 3450 - 54?
33a7
In base 8, what is -5403 + -161?
-5564
In base 14, what is -1aa6c + 0?
-1aa6c
In base 4, what is 3203322 + -223?
3203033
In base 7, what is 262415 + 5?
262423
In base 5, what is -4203 - 24?
-4232
In base 4, what is -301122 + -21?
-301203
In base 12, what is -1a64 + -596?
-243a
In base 13, what is -3 + -38a47?
-38a4a
In base 13, what is -1291 - 1396?
-2657
In base 15, what is -1013 + -b5?
-10c8
In base 4, what is -13221100 + 0?
-13221100
In base 15, what is bb1 + 4b?
c0c
In base 12, what is a858 + -6?
a852
In base 8, what is -3211 + -1174?
-4405
In base 11, what is -258 + 58?
-200
In base 6, what is -4 + -335131?
-335135
In base 6, what is -131125 + 0?
-131125
In base 11, what is -641295 - -6?
-64128a
In base 12, what is 5 + 2924?
2929
In base 16, what is -4 - 10cb1?
-10cb5
In base 7, what is -613 + 6623?
6010
In base 7, what is 3111 - 1326?
1452
In base 16, what is -a4a4 + e?
-a496
In base 15, what is -46 + -c445?
-c48b
In base 7, what is 5226 - 3534?
1362
In base 9, what is 885 + 286?
1282
In base 4, what is -1130133 - 212?
-1131011
In base 15, what is 3 + 8744b?
8744e
In base 15, what is 2ec6d - -5?
2ec73
In base 7, what is 3254540 + -3?
3254534
In base 6, what is -25 + -442?
-511
In base 13, what is -30c - -413?
104
In base 3, what is -11010 + 21122?
10112
In base 10, what is -47 + 3699?
3652
In base 8, what is 6033 - 14?
6017
In base 11, what is -10062 - -4?
-10059
In base 16, what is -cc + 4?
-c8
In base 3, what is -1012212220 - 100?
-1012220020
In base 9, what is 1700758 + 1?
1700760
In base 8, what is -3 - 1027135?
-1027140
In base 12, what is -3 - -3346?
3343
In base 5, what is 12400 - -141?
13041
In base 5, what is -20104 + 11134?
-3420
In base 2, what is -10000001 + -110111000?
-1000111001
In base 10, what is -16 + -23328?
-23344
In base 7, what is 42526 + -200?
42326
In base 6, what is -121014 + 3?
-121011
In base 15, what is -2c - -197?
16a
In base 8, what is -2734367 - 2?
-2734371
In base 9, what is -10 - 2162531?
-2162541
In base 6, what is -123103 + 5?
-123054
In base 2, what is -1100100111 + -110000011?
-10010101010
In base 15, what is 14a - 3e7?
-29c
In base 5, what is 1132441 + -141?
1132300
In base 5, what is 10 + -320124?
-320114
In base 3, what is 100122 + 202101?
1010000
In base 12, what is -27987 - 0?
-27987
In base 6, what is -1 - 131513?
-131514
In base 12, what is 5a583 + -2?
5a581
In base 7, what is -214366 + 0?
-214366
In base 3, what is 101012200200110 + -12?
101012200200021
In base 15, what is -2bc + -184?
-451
In base 4, what is 10012303 - -2?
10012311
In base 13, what is -159 + -4c25?
-5081
In base 4, what is 11033311 + -210?
11033101
In base 13, what is 0 + -73335?
-73335
In base 6, what is 125251 - -34?
125325
In base 14, what is -1a3 - -180?
-23
In base 4, what is 102 - 323100?
-322332
In base 11, what is -224 - 329?
-552
In base 8, what is -1232717 + 20?
-1232677
In base 3, what is -12012000200 + -221?
-12012001121
In base 6, what is 0 - 103133?
-103133
In base 13, what is -2652a2 - 3?
-2652a5
In base 12, what is -a655 + 3?
-a652
In base 8, what is -2473 + 14?
-2457
In base 3, what is -100 + -20100020011?
-20100020111
In base 6, what is -402 + 13501?
13055
In base 13, what is -88 - -188?
100
In base 7, what is -13 + -113323?
-113336
In base 11, what is -11813 - -6?
-11808
In base 6, what is -1540 - 205?
-2145
In base 5, what is 22 - 20144?
-20122
In base 7, what is -43436 + -11?
-43450
In base 10, what is -6836 + -54?
-6890
In base 8, what is 7272 - -114?
7406
In base 8, what is -3 + 630624?
630621
In base 6, what is 100 - 5413?
-5313
In base 11, what is 2a9 - -101?
3aa
In base 12, what is -16 - 215?
-22b
In base 7, what is 556251 + -4?
556244
In base 15, what is -4d0e - 5?
-4d14
In base 6, what is -54522 + -3?
-54525
In base 2, what is 10010000110 + -11001?
10001101101
In base 10, what is 146 - -78?
224
In base 12, what is 16b0 - 166?
1546
In base 9, what is -1 + -164827?
-164828
In base 8, what is 3 - -16457?
16462
In base 16, what is 3296 - 0?
3296
In base 11, what is -837 + 9?
-829
In base 3, what is -1112110220 - -1?
-1112110212
In base 6, what is 1334 + 4042?
5420
In base 11, what is 100 - 1605?
-1505
In base 9, what is -3 + 133050?
133046
In base 11, what is -1a + -20799?
-20808
In base 16, what is 8b - 60?
2b
In base 14, what is 379 + -d?
36a
In base 6, what is 5330 + -311?
5015
In base 4, what is -11302331 + 231?
-11302100
In base 15, what is 3 + 57b5?
57b8
In base 13, what is -152 - 5?
-157
In base 16, what is e - 11991?
-11983
In base 9, what is 16740 + 1?
16741
In base 15, what is 58 + -270c?
-26a4
In base 6, what is -114032 + -545?
-115021
In base 9, what is -750 + -171?
-1031
In base 10, what is -1007 + 6?
-1001
In base 12, what is 1241 + 11?
1252
In base 4, what is -2 - 20123313?
-20123321
In base 8, what is 15116 + -115?
15001
In base 16, what is -83 + 1bc?
139
In base 4, what is -1030203 + -33?
-1030302
In base 8, what is 1360 - 1411?
-31
In base 4, what is 123030001 - -1?
123030002
In base 7, what is -545 + -465?
-1343
In base 7, what is -1 + 351401?
351400
In base 14, what is -4 - c12b?
-c131
In base 2, what is -10 + -10010001111011?
-10010001111101
In base 7, what is 31 - 32121?
-32060
In base 10, what is -15884 - 3?
-15887
In base 5, what is -10220300 - -3?
-10220242
In base 11, what is -34416 - 32?
-34448
In base 13, what is 50c3 + a?
5100